t is d(v)?
-18
Let f(v) = 13*v - 2. Let m be f(1). Let z(x) = 3*x - 36. Let s be z(m). Let i(n) = 4*n + 2. Give i(s).
-10
Let v(t) = 1 - 8*t - 1. Let i(x) = 11*x + 580. Let c be i(-33). Let z = c - 216. Calculate v(z).
-8
Let q(h) = 13*h**3 + 63*h**2 + 4*h - 2. Let n(u) = -2*u**3 - 9*u**2. Let w(z) = -6*n(z) - q(z). What is w(-8)?
-30
Let m(o) = -1 + o**2 + 3 - 5*o + 2*o - 8*o**2 + 0 + 8*o**3. Let l(a) = -2*a**2 - a + 1. Let n(f) = -3*l(f) + m(f). Calculate n(1).
6
Let k(z) = -z - 9. Suppose 4*w - 28 = -0. Let a(h) = -17*h - 28*h + 0 + 72*h - 21*h + 1 - h**2. Let f be a(w). What is k(f)?
-3
Let z be (1 - (-22)/(-14))/(1014/10647). Let o = 0 + 3. Let c(i) = -7 - 2 - o - i + 3. What is c(z)?
-3
Let g(w) be the third derivative of -w**6/120 + 11*w**5/60 - w**4/3 + w**3/2 - 3*w**2 + 69*w. Give g(9).
93
Suppose -265 + 263 = -2*m. Let r(v) = 18*v**2 + 0 - 2*v**3 + m - 10*v**2 - 10*v**2. What is r(-2)?
9
Let g(s) = -s**2 - 9*s + 5. Let r(j) be the first derivative of 21*j**2/2 - 367*j + 210. Let x be r(17). What is g(x)?
-5
Let i(u) = 15*u**2 - 2*u + 3. Suppose 160 = -4*h + 84*h. Give i(h).
59
Suppose 4*b - b = -5*s - 34, 3*s + 6 = 3*b. Let k(m) = -149 - 2*m + 144 + 4*m. Calculate k(s).
-15
Let g(l) = 7*l. Let f(x) be the third derivative of x**5/30 - x**4/2 + 4*x**3/3 + 40*x**2 - 2. Let c be f(5). What is g(c)?
-14
Let v(j) = 20*j + 121. Suppose 5163 - 4839 = -54*g. Give v(g).
1
Let i(a) = -6*a - 7 - a - 2*a - a**2. Let z(j) = j**3 + 5*j + 5. Let l(g) = -g**3 + g + 1. Let v(u) = -5*l(u) + z(u). Let q be v(-1). Determine i(q).
11
Let v(f) = 4*f - 5 - 2*f - 3*f + 2*f. Suppose -312 = 753*w - 831*w. Give v(w).
-1
Let w be (-3)/2*1360/(-510). Let f(j) = -j**3 + 5*j**2 - 4*j + 1. Calculate f(w).
1
Let r(s) = -s**2 - 9*s + 78. Let u be 1 - (9/42 - (-1105)/70). What is r(u)?
-12
Let u(z) be the second derivative of z**4/12 + 11*z**3/6 - 8*z**2 + 23*z + 3. Let w(q) = q**2 - 8*q + 4. Let d be w(4). Give u(d).
-4
Let z(i) = -3*i + 10. Let l(m) = -m**3 - 6*m**2 + 10*m + 28. Let a be (64/12)/8*(0 - -3). Suppose -c = 1, 0 = 4*v + a*c + c + 31. Let s be l(v). Calculate z(s).
-11
Suppose -79*f - 229 = 125 + 199. Let o(z) = z**3 + 6*z**2 - 6*z - 11. Calculate o(f).
-18
Let w(q) = -q**3 + 23*q**2 - 140*q + 129. Let h be w(13). Let f(v) = -22*v - 4. Determine f(h).
18
Let m(p) = p - 9. Let h be (-4 - -7) + 0/(-2). Let w = 263 - 258. Suppose 6*j + 3*k + 12 = h*j, w*j = -2*k - 32. Calculate m(j).
-17
Let x(l) = 193*l**2 - 10*l + 199*l**2 + 185*l**2 - 950*l**2 + 183*l**2 + 191*l**2 + 6. Suppose 0*d + 5*k + 35 = d, 3*d - 15 = -3*k. What is x(d)?
6
Let x(b) = 2*b**2 - 13*b - 156. Let s be x(13). Let c(u) = -3*u - 32. Determine c(s).
-71
Let a(o) be the third derivative of 13 + 1/60*o**5 + o**3 + 2*o**2 - 1/120*o**6 + 1/24*o**4 + 0*o. Suppose 0*h + 2 = 2*h + 2*b, -b = -h - 1. Give a(h).
6
Let k(r) = 6*r - 61*r**2 - 1 + r**3 - 65*r**2 + 120*r**2 - 3. Let b be (-44)/(-12) + 4/3. Give k(b).
1
Let i(p) = 5*p**3 - 132*p**2 + 49*p + 84. Let c be i(26). Let r(k) be the second derivative of k**4/12 - 7*k**3/6 + 9*k**2/2 - 2*k. Determine r(c).
3
Suppose -8 = 4*t - 2*t. Let b(i) be the third derivative of -i**3/6 - 8*i**2. Let y(c) = c + 8. Let g(s) = -4*b(s) - y(s). Determine g(t).
0
Let p(d) = 13*d - 102. Suppose 11 - 112 = -15*o + 4. Determine p(o).
-11
Let m be (135/162)/(-4 + 123/27). Let o(n) be the first derivative of m*n**2 + 4/3*n**3 + n + 1 - 1/4*n**4. What is o(5)?
-9
Let u = 353 - 330. Suppose -20*a + u*a + 13 = s, 3*a = -4*s + 7. Let p(h) = -h**2 + h + 2. Give p(a).
-10
Let f be 162*((-92)/(-12) + -6). Suppose 0 = -3*b - f + 255. Let w(p) = -p**2 - 7*p - 6. Give w(b).
4
Let p(c) be the third derivative of c**5/60 - c**4/12 - c**3/3 + 1927*c**2. What is p(3)?
1
Suppose -2*g - 14 = -4*l - 36, 2*l + 5 = -g. Suppose -2*k + 2 = -f, -f - 3 = g*k - 4*f. Let i(o) = 7 - 6*o + 1 - 4 - k. Give i(-1).
7
Suppose q - 3*q = 5*p - 3, -16 = -4*p - 5*q. Let x(n) = -n**2 + n - 3. Let b(a) = -16*a**2 + 9*a - 26. Let z(w) = -b(w) + 9*x(w). Give z(p).
6
Let y(g) = -19*g - 112. Let h be y(-6). Suppose h*f = f + 2*f. Let p(j) = j**2 - 2*j + 1. Give p(f).
1
Let f(o) = -83*o + 129. Let l(z) = 14*z - 18. Let j(q) = -f(q) - 6*l(q). Let n be 56/10 - (-2)/5. Suppose 2*k + n = -3*g, g - 15 = 3*k + 2*k. Determine j(g).
-21
Let c be (42/(-36) + 2/4)*3. Let z be c - ((-4 - -10) + -1). Let b(m) = m - 5. Give b(z).
-12
Suppose s - 4*l = -15, -8 = -5*s + 4*l - 3. Let r be (-9)/(45/10) + 9 + s. Let y(a) = -a**3 + 11*a**2 + 13*a - 6. Determine y(r).
6
Let x(o) = o**3 + 10*o**2 - 8*o + 36. Let r be x(-11). Let m(p) = 1 + 3 - p**r - 4823*p**2 + 4816*p**2 + p. Suppose 0*h - 35 = 5*h. Calculate m(h).
-3
Let n(l) = l**3 + 9*l**2 + 3. Let i(f) = f**3 + 8*f**2 - 20*f + 4. Let g = -74 - -64. Let x be i(g). Let m be (2 + x)/((-1)/((-9)/(-6))). Determine n(m).
3
Let b(p) be the first derivative of 2*p**3/3 + 5*p**2/2 + 2*p - 1. Suppose 4*f - 7*u = -2*u - 86, 0 = -5*f - 5*u + 50. Calculate b(f).
14
Let m(d) = 4*d + 0*d + 1 - 2. Suppose 0 = -n - b + 6, -3*n + 3*b - 8 - 4 = 0. Let t be (n + 1)*64/(-128). Give m(t).
-5
Let f(t) be the second derivative of 5*t**4/6 + t**3/3 + t**2/2 - 7*t. Let m(c) = -2*c**2 - 11*c + 10. Let y be m(-6). Suppose y = -16*h + 12*h. Give f(h).
9
Let q(a) = -3*a - 2*a - 5*a + 3*a + 12 + 1750*a**2 - 1749*a**2. Calculate q(3).
0
Let f(t) = -t**3 + 8*t**2 - 8*t + 7. Suppose w + 94 = 119. Suppose -p - w = -4*u, 5*u + 7*p = 6*p + 38. Determine f(u).
0
Let i(b) be the third derivative of b**6/120 + 7*b**5/30 + 11*b**4/6 - 5*b**3/3 - 2*b**2 + 97*b - 3. Give i(-9).
-1
Let y(q) be the second derivative of -q**4/12 + 5*q**3/6 + q**2/2 - q. Suppose -2794 = 39*j + 9764. Let z = j - -328. Determine y(z).
-5
Suppose 13*i + 19 = 45. Suppose -2*h = i - 22. Let n(k) = k + 8. Calculate n(h).
18
Let s(q) = 11*q + 1. Let o be (-1)/(-3) - ((-30)/18 - 7). Suppose 0 = 3*j + j - 2*b - 4, -o = j + 2*b. Calculate s(j).
-10
Let c(g) = -2*g - 6. Let f(u) = 1. Suppose 0 = 2*q + 3*l - 16, 3*q + 4*l = 13 + 11. Let t(m) = q*f(m) + c(m). Suppose 43*v = 196*v - 306. Give t(v).
-2
Suppose 74 - 9 = 65*p. Let v(u) = 3*u**3 + 2*u**2 + 6*u - 8. What is v(p)?
3
Let p(s) be the first derivative of -23*s - 1/2*s**2 + 95. Give p(-16).
-7
Let n(u) be the second derivative of -u**5/20 - u**4 + 5*u**3 + 21*u**2/2 + 81*u. Calculate n(-14).
-7
Suppose 16 = 9*p - 20. Let o(t) = -2 - 2 - p*t + 0*t + 8. What is o(-4)?
20
Let s(n) be the third derivative of -n**8/20160 - n**7/1008 + n**6/240 - 7*n**5/30 - n**4/8 + 58*n**2. Let i(h) be the third derivative of s(h). What is i(-4)?
7
Let g(y) = 6*y**2 + 81*y - 4. Let t(o) = -14*o - 1. Let x(a) = g(a) + 5*t(a). Give x(-4).
43
Let x(c) = -c**3 + 13*c**2 - 3*c. Let a(r) = -17*r**2 + 4*r. Let o(i) = 4*a(i) + 5*x(i). Determine o(2).
-50
Suppose -82*a - 1040 = 45*a + 3*a. Let m(t) = t**2 + 15*t - 21. What is m(a)?
-77
Let x = -428 + 781. Let h(p) = -1 - 716*p + x*p + 361*p. Determine h(5).
-11
Let u = -35085 - -210511/6. Let d(y) be the second derivative of 1/2*y**2 - 21*y + 0 - u*y**3 - 9/20*y**5 + 1/12*y**4. What is d(1)?
-8
Let g(l) = -44*l + 26. Suppose -14 = -7*r + 5*r. Let h = 4 + r. Let a(m) = 9*m - 5. Let t(k) = h*a(k) + 2*g(k). Determine t(2).
19
Let k(p) be the second derivative of p**5/40 + p**4/24 - 85*p**3/3 - 8*p. Let n(q) be the second derivative of k(q). Suppose 0 = 3*w - 2*w + 2. What is n(w)?
-5
Let u(t) be the third derivative of t**5/60 + 5*t**4/24 - 17*t**3/3 - 982*t**2. What is u(5)?
16
Let d = 5347 + -5345. Let z(i) = 70*i - 126. Give z(d).
14
Let w(h) be the first derivative of h + 9 + 1/2*h**2 - 2*h**3 + 1/4*h**4. Calculate w(6).
7
Let h(v) = 52*v**2 - 12*v + 11 - 32 - 125*v**2 + 71*v**2. What is h(-2)?
-5
Suppose 5*b + 11 = -4. Let l(k) = -22*k + 20. Let j(g) = 13*g - 10. Let t(a) = b*l(a) - 5*j(a). Give t(4).
-6
Let l(p) be the third derivative of -p**6/120 - p**5/15 - p**4/4 - p**3/2 - 3*p**2 + 17*p - 6. Determine l(-1).
0
Let f be 12/5*(-390)/(-156). Let l(m) = 2*m - 3 - 8*m - f + 2*m. What is l(-6)?
15
Let u be ((-24)/(-54)*3)/(10/(-15)). Let t(b) = 2*b + 10. Calculate t(u).
6
Let w = -204 + 221. Suppose -5*l - w = -42. Let j(p) = -3*p + 2. Calculate j(l).
-13
Suppose 88*h + 83 = 787. Let a(c) = 9*c**2 + 6 - 3*c - 4*c - 2 + 3 - c**3. What is a(h)?
15
Let m(l) be the firs